s the ten thousands digit of 30994?
3
What is the thousands digit of 1128?
1
What is the hundreds digit of 103085?
0
What is the units digit of 5?
5
What is the units digit of 3579?
9
What is the tens digit of 5272?
7
What is the tens digit of 506?
0
What is the units digit of 2603?
3
What is the units digit of 7738?
8
What is the tens digit of 4208?
0
What is the thousands digit of 1167?
1
What is the tens digit of 492?
9
What is the thousands digit of 2243?
2
What is the hundreds digit of 12578?
5
What is the hundreds digit of 354?
3
What is the hundreds digit of 208351?
3
What is the hundreds digit of 4793?
7
What is the hundreds digit of 29489?
4
What is the thousands digit of 55769?
5
What is the units digit of 57976?
6
What is the thousands digit of 1309?
1
What is the hundreds digit of 406?
4
What is the hundreds digit of 1145?
1
What is the hundreds digit of 3860?
8
What is the tens digit of 20980?
8
What is the hundreds digit of 914?
9
What is the thousands digit of 2611?
2
What is the hundreds digit of 52588?
5
What is the ten thousands digit of 17533?
1
What is the tens digit of 182?
8
What is the hundreds digit of 63368?
3
What is the tens digit of 51223?
2
What is the hundreds digit of 16057?
0
What is the tens digit of 984?
8
What is the hundreds digit of 4097?
0
What is the thousands digit of 25396?
5
What is the hundreds digit of 6487?
4
What is the thousands digit of 96924?
6
What is the thousands digit of 3730?
3
What is the units digit of 8987?
7
What is the thousands digit of 1626?
1
What is the ten thousands digit of 16300?
1
What is the units digit of 443?
3
What is the hundred thousands digit of 102307?
1
What is the thousands digit of 21969?
1
What is the tens digit of 3505?
0
What is the units digit of 633?
3
What is the thousands digit of 69703?
9
What is the units digit of 28091?
1
What is the units digit of 75?
5
What is the thousands digit of 100895?
0
What is the hundreds digit of 16931?
9
What is the hundreds digit of 49592?
5
What is the ten thousands digit of 42042?
4
What is the tens digit of 3021?
2
What is the tens digit of 3911?
1
What is the thousands digit of 2629?
2
What is the units digit of 755?
5
What is the thousands digit of 3410?
3
What is the tens digit of 734?
3
What is the tens digit of 6799?
9
What is the units digit of 49327?
7
What is the units digit of 7789?
9
What is the tens digit of 4410?
1
What is the tens digit of 7540?
4
What is the tens digit of 133867?
6
What is the units digit of 3000?
0
What is the tens digit of 2219?
1
What is the thousands digit of 8669?
8
What is the units digit of 5445?
5
What is the units digit of 6459?
9
What is the hundreds digit of 27491?
4
What is the units digit of 13614?
4
What is the tens digit of 3350?
5
What is the thousands digit of 1669?
1
What is the thousands digit of 3746?
3
What is the units digit of 44077?
7
What is the tens digit of 149?
4
What is the units digit of 177?
7
What is the ten thousands digit of 11817?
1
What is the thousands digit of 25372?
5
What is the hundreds digit of 1819?
8
What is the thousands digit of 39067?
9
What is the units digit of 17696?
6
What is the thousands digit of 7883?
7
What is the tens digit of 70023?
2
What is the units digit of 1068?
8
What is the hundreds digit of 22392?
3
What is the hundreds digit of 1579?
5
What is the thousands digit of 14802?
4
What is the units digit of 2894?
4
What is the thousands digit of 5252?
5
What is the units digit of 3988?
8
What is the thousands digit of 1873?
1
What is the thousands digit of 75444?
5
What is the tens digit of 890?
9
What is the tens digit of 36582?
8
What is the hundred thousands digit of 102963?
1
What is the hundreds digit of 8448?
4
What is the hundreds digit of 9931?
9
What is the units digit of 538?
8
What is the units digit of 34568?
8
What is the tens digit of 2009?
0
What is the hundreds digit of 518?
5
What is the tens digit of 11008?
0
What is the tens digit of 4449?
4
What is the units digit of 88417?
7
What is the units digit of 34?
4
What is the tens digit of 1066?
6
What is the hundreds digit of 4919?
9
What is the units digit of 4217?
7
What is the thousands digit of 2780?
2
What is the hundreds digit of 137?
1
What is the units digit of 865?
5
What is the ten thousands digit of 21485?
2
What is the thousands digit of 10659?
0
What is the hundreds digit of 1759?
7
What is the thousands digit of 9471?
9
What is the thousands digit of 3781?
3
What is the tens digit of 293?
9
What is the hundreds digit of 13548?
5
What is the hundreds digit of 569?
5
What is the thousands digit of 12546?
2
What is the units digit of 4330?
0
What is the hundreds digit of 4022?
0
What is the units digit of 8272?
2
What is the hundreds digit of 19076?
0
What is the tens digit of 124260?
6
What is the thousands digit of 2208?
2
What is the hundreds digit of 70945?
9
What is the hundreds digit of 102739?
7
What is the thousands digit of 137175?
7
What is the hundreds digit of 38157?
1
What is the hundreds digit of 96718?
7
What is the thousands digit of 21734?
1
What is the hundreds digit of 202?
2
What is the hundreds digit of 1625?
6
What is the units digit of 675?
5
What is the hundreds digit of 1004?
0
What is the hundreds digit of 5106?
1
What is the tens digit of 10984?
8
What is the ten thousands digit of 14807?
1
What is the thousands digit of 13876?
3
What is the tens digit of 2319?
1
What is the hundred thousands digit of 116509?
1
What is the tens digit of 51782?
8
What is the units digit of 227?
7
What is the units digit of 985?
5
What is the thousands digit of 5224?
5
What is the tens digit of 34378?
7
What is the tens digit of 37956?
5
What is the hundreds digit of 1620?
6
What is the thousands digit of 2186?
2
What is the units digit of 591?
1
What is the hundreds digit of 9277?
2
What is the tens digit of 3707?
0
What is the tens digit of 96?
9
What is the tens digit of 44047?
4
What is the thousands digit of 11387?
1
What is the units digit of 150313?
3
What is the thousands digit of 14898?
4
What is the tens digit of 3588?
8
What is the hundreds digit of 16277?
2
What is the ten thousands digit of 13348?
1
What is the units digit of 1028?
8
What is the tens digit of 6201?
0
What is the thousands digit of 1151?
1
What is the units digit of 80995?
5
What is the units digit of 20404?
4
What is the units digit of 1044?
4
What is the hundreds digit of 4502?
5
What is the tens digit of 15568?
6
What is the units digit of 5517?
7
What is the thousands digit of 28170?
8
What is the tens digit of 505?
0
What is the ten thousands digit of 25375?
2
What is the units digit of 1188?
8
What is the tens digit of 3479?
7
What is the units digit of 1435?
5
What is the tens digit of 37325?
2
What is the thousands digit of 1247?
1
What is the units digit of 299?
9
What is the tens digit of 392?
9
What is the thousands digit of 2976?
2
What is the hundreds digit of 39247?
2
What is the thousands digit of 1706?
1
What is the thousands digit of 21571?
1
What is the ten thousands digit of 45069?
4
What is the ten thousands digit of 32220?
3
What is the tens digit of 66918?
1
What is the units digit of 975?
5
What is the thousands digit of 17863?
7
What is the units digit of 15806?
6
What is the hundreds digit of 20553?
5
What is the ten thousands digit of 93631?
9
What is the hundreds digit of 7432?
4
What is the units digit of 32251?
1
What is the hundreds digit of 15070?
0
What is the hundreds digit of 7789?
7
What is the units digit of 390?
0
What is the hundreds digit of 100?
1
What is the tens digit of 84535?
3
What is the tens digit of 67698?
9
What is the tens digit of 2166?
6
What is the thousands digit of 5835?
5
What is the tens digit of 4550?
5
What is the hundreds digit of 24092?
0
What is the units digit of 27746?
6
What is the tens digit of 736?
3
What is the ten thousands digit of 22700?
2
What is the units digit of 291?
1
What is the ten thousands digit of 19307?
1
What is the units digit of 22277?
7
What is the hundreds digit of 26297?
2
What is the thousands digit of 40134?
0
What is the tens digit of 2434?
3
What is the thousands digit of 10033?
0
What is the units digit of 1894?
4
What is the hundreds digit of 3154?
1
What is the units digit of